 factors of k.
5, 163
Suppose 0 = -5*b + 3*s + 2100, 4*b - 840 = 2*b - s. List the prime factors of b.
2, 3, 5, 7
Let g(l) = 4*l**3 + 2*l**2 - 3*l. Let b be g(2). Let r = 29 + b. What are the prime factors of r?
3, 7
Let z(v) = v**3 + 6*v**2 + 7*v - 1. What are the prime factors of z(-3)?
5
Suppose -6432 = -4*w - 17*v + 13*v, -2*v = 6. What are the prime factors of w?
3, 179
Suppose 5*w + 497 = 2*q, -3*q - w + 4*w = -741. What are the prime factors of q?
2, 3, 41
What are the prime factors of (-7)/(-42)*-34*-27?
3, 17
Let c = 1051 - -642. List the prime factors of c.
1693
Let y(m) = m**2 - 8*m + 5. Let v be (-2)/6 + (-100)/15. Let q = 17 + v. List the prime factors of y(q).
5
Let b(z) = 2*z - z + 2*z. Let s be b(12). Let k = -21 + s. What are the prime factors of k?
3, 5
Suppose 2253 = 4*g + f, 18 = 5*f + 33. What are the prime factors of g?
2, 3, 47
Let h be (-3)/(113/58 - 2). Let r = h - 21. List the prime factors of r.
37
Suppose -p = 1, -4*t = -9*t - 5*p - 635. Let u = t + 143. What are the prime factors of u?
17
Suppose -w = i + 1, 3*w = -5*i - w - 1. Suppose 4*u + 220 = -i*o, -o - o + 252 = -5*u. List the prime factors of 414/8 - (-39)/u.
3, 17
Suppose -2*k + 2 + 4 = 0, o - 10 = -k. Suppose 3*w = o*w - 52. Let j = 36 - w. List the prime factors of j.
23
Suppose 3*b = -15, -2*p + 2*b = 3*p - 3840. Let k = p - 453. What are the prime factors of k?
313
What are the prime factors of (1902/(-8))/(-9*5/120)?
2, 317
Let m(n) = 2*n**2 + n**3 + 15 + 2*n**2 - 4*n**2. Let j be m(0). Suppose a = -3 + j. List the prime factors of a.
2, 3
Let i be 14/(2 + (-8)/2). List the prime factors of 2/i + -1 + (-1334)/(-14).
2, 47
Let u = 9 - -8. Let j = u + 4. What are the prime factors of j?
3, 7
Suppose -4*y + 84 = 12. Let u = 24 - y. What are the prime factors of u?
2, 3
Let u(x) = 51*x**3 - x**2 - 2*x - 2. Let q be u(-1). Let b = -36 - q. What are the prime factors of b?
2
What are the prime factors of 1 - -2 - (0/(-1) + -1569)?
2, 3, 131
Let p = -40 + 40. Suppose 5*g + b + b - 1045 = p, 0 = b. What are the prime factors of g?
11, 19
Let t(q) = q + 3. Let k be t(-11). Let o = k + 30. Suppose -y = 3*r - 68 + o, 0 = -4*y - 5*r + 149. List the prime factors of y.
31
Let s(c) = 3*c - 18. Let d be s(14). Suppose -5*a - d = -99. What are the prime factors of a?
3, 5
Let r = 4 - 4. Suppose r = 2*u - 5*u + 5*p + 118, 2*p + 130 = 3*u. Suppose -5*h = 3*l - 25, 4*h = -5*l - 0*h + u. List the prime factors of l.
2, 5
Let z(n) = -n**3 - 4*n**2 + 3*n + 6. Let j be z(-4). Let x(u) = 233*u + 2*u**2 + 9 + 216*u - 445*u. List the prime factors of x(j).
3, 19
Let k = -1 - -5. Let s(h) = -k*h + 0*h + 5*h + 3*h**3 - 1 + h**2. What are the prime factors of s(1)?
2
Suppose 0 = -3*k + f + 10, k + f + 0 = 10. Let d = -3 - k. Let w(v) = -9*v - 20. What are the prime factors of w(d)?
2, 13
Let r(o) be the first derivative of -21/2*o**4 + 4 + 0*o**2 - 2/3*o**3 + o. List the prime factors of r(-1).
41
Let i be (770/(-15))/((-1)/3). Suppose -5*c = 3*y + 658, -c - 5*y + i = -2*c. Let k = 209 + c. What are the prime factors of k?
3, 5
Suppose 3*u = -5*g + 4*u + 4388, 2*g + u = 1751. What are the prime factors of g?
877
Let a(b) = 51*b**2 - 6*b - 29. What are the prime factors of a(5)?
2, 19
Suppose -2 = -0*w - w. Suppose -2*y + 4 = w*y. What are the prime factors of ((-1 - 2) + 56)*y?
53
Let i(l) = -67*l**3 + 2*l**2 + 2*l + 1. Let r be ((-5)/10)/(2/4). What are the prime factors of i(r)?
2, 17
List the prime factors of (-1764)/(-15) + (6 - 84/15).
2, 59
Suppose 3*o + 4*p - 2364 = 0, -19*p + 20*p = 0. What are the prime factors of o?
2, 197
Suppose -4*j + 3*j + 382 = 4*k, -1878 = -5*j - 4*k. What are the prime factors of j?
2, 11, 17
Let h be ((-10)/(-8))/(11/44). Suppose 8*d - h*d = 399. What are the prime factors of d?
7, 19
Suppose 50*s - 54*s + 152 = 0. What are the prime factors of s?
2, 19
Let y(x) = -x**2 - 17*x + 7. Let h be y(-13). Let k = 15 + h. Let l = -31 + k. What are the prime factors of l?
43
Let v(u) be the second derivative of -u**5/20 - 3*u**4/2 + u**3/6 + 4*u**2 + 10*u. Let z be v(-18). List the prime factors of (-206)/z + (-3)/5.
2, 5
Let n be ((-67)/(-3) - -3)*3. Suppose -j + 4 = 0, p - 4*j = n - 5. List the prime factors of p.
3, 29
Let u(a) = 2*a**2 - 40*a + 19. List the prime factors of u(23).
157
Suppose 35*g - 32928 = 16737. List the prime factors of g.
3, 11, 43
Suppose 26*j = 79055 + 7759. List the prime factors of j.
3, 7, 53
Let z(j) = -j + 3. Let k(q) = 4*q - 10. Let b(u) = 6*k(u) + 20*z(u). Let i = 2 - -2. List the prime factors of b(i).
2
Let s(h) = -h**2 + 9*h - 4. Let q be s(8). Suppose q*z = -0*z - f + 68, 70 = 5*z + 5*f. List the prime factors of z.
2, 3
Suppose -3*u + 4*s - 12 = -s, 2*s - 9 = -3*u. What are the prime factors of ((-23)/(-6))/(u/6)?
23
Let t(b) = 107 + 41*b**2 - 7*b + 3*b - 104. Let p be t(2). Let v = -101 + p. List the prime factors of v.
2, 29
Let z(r) = r**3 + 9*r**2 + 3*r + 15. Let d be z(-9). Let p = 106 - d. List the prime factors of p.
2, 59
Suppose -3*q - 2595 = -3*g, -5*g = -g - 2*q - 3468. What are the prime factors of g?
11, 79
Let u(j) = 4*j - 14. Let t be u(-10). What are the prime factors of (-10)/(2/5 - t/(-110))?
2, 5, 11
Let r = 1503 + -730. What are the prime factors of r?
773
Let h(v) be the second derivative of -v**5/10 + v**3/6 + v**2/2 - 8*v. Let t be h(-1). Suppose -3*y + 255 = t*y. What are the prime factors of y?
3, 17
Suppose p = -2*r - 19, 4*p - 2*r + 119 = 43. Let i = -17 - p. List the prime factors of i.
2
Suppose 4*i - 8 = -0*i. Suppose 3*l - i*l - 4 = 0. Suppose s - 5*d + 0 = 1, -121 = -5*s - l*d. List the prime factors of s.
3, 7
Let g = 2040 + -1384. List the prime factors of g.
2, 41
Let m = -88 + 808. What are the prime factors of m?
2, 3, 5
Suppose -25*m + 19*m + 8946 = 0. List the prime factors of m.
3, 7, 71
Let b(m) = -169*m + 17. Let d be b(-4). Suppose 3*a - 717 = -3*c, 5*c - d = 2*c + 3*a. What are the prime factors of c?
5, 47
Let y(c) be the first derivative of c**4/4 + c**3/3 + c**2 + 70*c - 1. List the prime factors of y(0).
2, 5, 7
Let a(u) be the first derivative of u**3/3 - u**2 - 6*u + 10. Suppose 0 = -0*c - 2*c - 8. List the prime factors of a(c).
2, 3
Suppose -4*q + 2326 = -0*j - 3*j, 0 = -3*q + j + 1747. List the prime factors of q.
11, 53
Let v(k) = k**3 + 15*k**2 - 14*k - 3. List the prime factors of v(-12).
3, 199
Suppose -9*s + 1103 + 652 = 0. List the prime factors of s.
3, 5, 13
Suppose -5*q - 7 = -b, 3*b = -5*q + 74 + 47. Suppose 0 = 4*s - b - 1048. List the prime factors of s.
2, 3, 5
Let z(r) = 12*r - 24. Let q be z(2). Suppose q = 11*n - 14*n + 333. List the prime factors of n.
3, 37
Let o(p) = 8*p - 8. Let w(v) = v**2 + v + 1. Let m be w(2). Let u be o(m). Suppose -x + 10 = -4*a - 5, 0 = 4*x - 4*a - u. What are the prime factors of x?
11
Let j(z) = -z - 11. Let b be ((-6)/(-4))/(5/(-50)). Let d be j(b). Suppose -d*i + 44 + 4 = 0. What are the prime factors of i?
2, 3
Suppose -26*t = -18*t - 5984. List the prime factors of t.
2, 11, 17
Suppose 2*n = 9*z - 6*z + 7692, -3*z = -4*n + 15390. What are the prime factors of n?
3, 1283
Suppose -12 = -14*d + 11*d. Suppose -8 = -d*i, 2*i = -5*c + c + 96. What are the prime factors of c?
23
Let s(o) = -75*o + 1. Let v(y) = -y**2 + 9*y - 1. Let w be v(9). List the prime factors of s(w).
2, 19
Let o be (1 + 0)*-2 + 0. Let u be (-10)/(-4)*(2 - o). Suppose 4*k - 31 = -5*j, 4*j - u = -k + 2*j. List the prime factors of k.
2
Let s = 348 - 99. What are the prime factors of s?
3, 83
Let g = 13 + -7. Let q(s) = -s**3 + 7*s**2 - 4*s. Let d be q(g). Let z = 1 + d. What are the prime factors of z?
13
Suppose 2*v - 573 - 350 = 5*i, 0 = -2*v + 3*i + 929. What are the prime factors of v?
7, 67
Suppose 3*d - 28 = 4*b, -2*d + 5*b + 36 = 2*d. Suppose -819 = -d*r + 3*v, -2*r = -5*r - 3*v + 609. What are the prime factors of r?
2, 3, 17
Let g(j) = j. Let d(a) = -3*a - 25. Let b(y) = -d(y) - 4*g(y). Let h = -94 - -94. What are the prime factors of b(h)?
5
Let f = 3135 - 1634. List the prime factors of f.
19, 79
Let l be (-10)/4*(-15 - -5). Let c = l + 39. What are the prime factors of c?
2
Let s(m) = 0 - 1 + 9 - m + 2. Let a be s(5). Suppose 0 = -a*q + 43 + 92. What are the prime factors of q?
3
Let f = -21 + 18. List the prime factors of 89 - (4 + f